{"id":178,"date":"2014-09-08T20:21:38","date_gmt":"2014-09-08T20:21:38","guid":{"rendered":"http:\/\/www.relax-rodinne-centrum.cz\/?page_id=178"},"modified":"2025-09-10T19:49:48","modified_gmt":"2025-09-10T18:49:48","slug":"rozpis-hodin","status":"publish","type":"page","link":"https:\/\/www.relax-rodinne-centrum.cz\/?page_id=178","title":{"rendered":"Rozpis a rezervace hodin"},"content":{"rendered":"\n<p><\/p>\n\n\n<p><span style=\"font-family: Helvetica; font-size: 12pt;\">Z d\u016fvod\u016f omezen\u00e9 kapacity objedn\u00e1vejte na tel.\u00a0<strong>607 830 055<\/strong><\/span><br \/><span style=\"font-family: Helvetica;\">\u00a0<\/span><span style=\"font-family: Helvetica; font-size: 12pt;\">nebo na\u00a0email<strong>\u00a0<a href=\"mailto:relax.rodinne.centrum@gmail.com\">relax.rodinne.centrum@gmail.com<\/a><\/strong><\/span><\/p>\n<p align=\"CENTER\"><a href=\"http:\/\/WWW.RELAX-RODINNE-CENTRUM.CZ\/\">WWW.RELAX-RODINNE-CENTRUM.CZ<\/a> TEL: 607 830 055<\/p>\n<table style=\"height: 628px;\" border=\"1\" width=\"717\" cellspacing=\"0\" cellpadding=\"4\"><colgroup> <col width=\"31*\" \/> <col width=\"33*\" \/> <col width=\"27*\" \/> <col width=\"165*\" \/><\/colgroup>\n<tbody>\n<tr valign=\"TOP\">\n<td width=\"12%\">\n<p align=\"center\"><span style=\"font-size: large;\"><b>ROZPIS A REZERVACE HODIN 2025-2026<\/b><\/span><\/p>\n<p align=\"left\"><span style=\"font-size: large;\"><b>Pond\u011bl\u00ed\u00a0 \u00a0 \u00a0 \u00a0 \u00a0 \u00a0 \u00a0 \u00a0 \u00a0 \u00a0 \u00a0 \u00a0 \u00a0 \u00a0 9:00 \u2013 12:00\u00a0 \u00a0 \u00a0 \u00a0 \u00a0 soukrom\u00fd pron\u00e1jem<\/b><\/span><\/p>\n<p align=\"left\"><span style=\"font-size: large;\"><b>\u00a0 \u00a0 \u00a0 \u00a0 \u00a0 \u00a0 \u00a0 \u00a0 \u00a0 \u00a0 \u00a0 \u00a0 \u00a0 \u00a0 \u00a0 \u00a0 \u00a0 \u00a0 \u00a0 \u00a016:00 \u2013 17:00\u00a0 \u00a0 \u00a0 \u00a0 \u00a0 Sm syst\u00e9m<\/b><\/span><\/p>\n<p align=\"left\"><span style=\"font-size: large;\"><b>\u00a0 \u00a0 \u00a0 \u00a0 \u00a0 \u00a0 \u00a0 \u00a0 \u00a0 \u00a0 \u00a0 \u00a0 \u00a0 \u00a0 \u00a0 \u00a0 \u00a0 \u00a0 \u00a0 \u00a017:15 \u2013 18:15\u00a0 \u00a0 \u00a0 \u00a0 \u00a0 J\u00f3ga<\/b><\/span><\/p>\n<p align=\"left\"><span style=\"font-size: large;\"><b>\u00a0 \u00a0 \u00a0 \u00a0 \u00a0 \u00a0 \u00a0 \u00a0 \u00a0 \u00a0 \u00a0 \u00a0 \u00a0 \u00a0<\/b><\/span><\/p>\n<p align=\"left\"><span style=\"font-size: large;\"><b>\u010ctvrtek\u00a0 \u00a0 \u00a0 \u00a0 \u00a0 \u00a0 \u00a0 \u00a0 \u00a0 \u00a0 \u00a0 \u00a0 \u00a0 \u00a0 8:45 \u2013 9:15\u00a0 \u00a0 \u00a0 \u00a0 \u00a0 Klub\u00ed\u010dko<\/b><\/span><\/p>\n<p align=\"left\"><span style=\"font-size: large;\"><b>\u00a0 \u00a0 \u00a0 \u00a0 \u00a0 \u00a0 \u00a0 \u00a0 \u00a0 \u00a0 \u00a0 \u00a0 \u00a0 \u00a0 \u00a0 \u00a0 \u00a0 \u00a0 \u00a0 \u00a0 9:15 \u2013 10:00\u00a0 \u00a0 \u00a0 \u00a0 \u00a0Krte\u010dek<\/b><\/span><\/p>\n<p align=\"left\"><span style=\"font-size: large;\"><b>\u00a0 \u00a0 \u00a0 \u00a0 \u00a0 \u00a0 \u00a0 \u00a0 \u00a0 \u00a0 \u00a0 \u00a0 \u00a0 \u00a0 \u00a0 \u00a0 \u00a0 \u00a0 \u00a0 \u00a010:00 \u2013 10:45\u00a0 \u00a0 \u00a0 \u00a0 Kr\u016f\u010dky I<\/b><\/span><\/p>\n<p align=\"left\">\u00a0 \u00a0 \u00a0 \u00a0 \u00a0 \u00a0 \u00a0 \u00a0 \u00a0 \u00a0 \u00a0 \u00a0 \u00a0 \u00a0 <span style=\"font-size: 14pt;\">\u00a0 \u00a0 \u00a0 \u00a0 \u00a0<strong>\u00a0 \u00a0 \u00a010:45 &#8211; 11:30\u00a0 \u00a0 \u00a0 \u00a0 Kr\u016f\u010dky III\u00a0<\/strong><\/span><\/p>\n<p align=\"left\"><span style=\"font-size: large;\"><b>\u00a0 \u00a0 \u00a0 \u00a0 \u00a0 \u00a0 \u00a0 \u00a0 \u00a0 \u00a0 \u00a0 \u00a0 \u00a0 \u00a0 \u00a0 \u00a0\u00a0<\/b><\/span><\/p>\n<p align=\"left\"><span style=\"font-size: large;\"><b>P\u00e1tek\u00a0 \u00a0 \u00a0 \u00a0 \u00a0 \u00a0 \u00a0 \u00a0 \u00a0 \u00a0 \u00a0 \u00a0 \u00a0 \u00a0 \u00a0 9:00 \u2013 9:45\u00a0 \u00a0 \u00a0 \u00a0 \u00a0 Kr\u016f\u010dky I<\/b><\/span><\/p>\n<p align=\"left\">\u00a0 \u00a0 \u00a0 \u00a0 \u00a0 \u00a0 \u00a0 \u00a0 \u00a0 \u00a0 \u00a0 \u00a0 \u00a0 \u00a0 \u00a0 \u00a0 \u00a0 \u00a0 \u00a0 \u00a0 <strong>\u00a0 \u00a0\u00a0<span style=\"font-size: 14pt;\"> 9:45 &#8211; 10:30\u00a0 \u00a0 \u00a0 \u00a0 Kr\u016f\u010dky II<\/span><\/strong><\/p>\n<p align=\"CENTER\"><span style=\"font-family: Helvetica;\">\u00a0<\/span><\/p>\n<\/td>\n<\/tr>\n<\/tbody>\n<\/table>","protected":false},"excerpt":{"rendered":"<p>Z d\u016fvod\u016f omezen\u00e9 kapacity objedn\u00e1vejte na tel.\u00a0607 830 055\u00a0nebo na\u00a0email\u00a0relax.rodinne.centrum@gmail.com WWW.RELAX-RODINNE-CENTRUM.CZ TEL: 607 830 055 ROZPIS A REZERVACE HODIN 2025-2026 Pond\u011bl\u00ed\u00a0 \u00a0 \u00a0 \u00a0 \u00a0 \u00a0 \u00a0 \u00a0 \u00a0 \u00a0 \u00a0 \u00a0 \u00a0 \u00a0 9:00 \u2013 12:00\u00a0 \u00a0 \u00a0 \u00a0 \u00a0 soukrom\u00fd pron\u00e1jem \u00a0 \u00a0 \u00a0 \u00a0 \u00a0 \u00a0 \u00a0 \u00a0 \u00a0 \u00a0 \u00a0 \u00a0 &hellip; <a href=\"https:\/\/www.relax-rodinne-centrum.cz\/?page_id=178\" class=\"more-link\">Pokra\u010dov\u00e1n\u00ed textu <span class=\"screen-reader-text\">Rozpis a rezervace hodin<\/span> <span class=\"meta-nav\">&rarr;<\/span><\/a><\/p>\n","protected":false},"author":2,"featured_media":0,"parent":0,"menu_order":3,"comment_status":"closed","ping_status":"closed","template":"","meta":{"footnotes":""},"_links":{"self":[{"href":"https:\/\/www.relax-rodinne-centrum.cz\/index.php?rest_route=\/wp\/v2\/pages\/178"}],"collection":[{"href":"https:\/\/www.relax-rodinne-centrum.cz\/index.php?rest_route=\/wp\/v2\/pages"}],"about":[{"href":"https:\/\/www.relax-rodinne-centrum.cz\/index.php?rest_route=\/wp\/v2\/types\/page"}],"author":[{"embeddable":true,"href":"https:\/\/www.relax-rodinne-centrum.cz\/index.php?rest_route=\/wp\/v2\/users\/2"}],"replies":[{"embeddable":true,"href":"https:\/\/www.relax-rodinne-centrum.cz\/index.php?rest_route=%2Fwp%2Fv2%2Fcomments&post=178"}],"version-history":[{"count":235,"href":"https:\/\/www.relax-rodinne-centrum.cz\/index.php?rest_route=\/wp\/v2\/pages\/178\/revisions"}],"predecessor-version":[{"id":12139,"href":"https:\/\/www.relax-rodinne-centrum.cz\/index.php?rest_route=\/wp\/v2\/pages\/178\/revisions\/12139"}],"wp:attachment":[{"href":"https:\/\/www.relax-rodinne-centrum.cz\/index.php?rest_route=%2Fwp%2Fv2%2Fmedia&parent=178"}],"curies":[{"name":"wp","href":"https:\/\/api.w.org\/{rel}","templated":true}]}}