{"id":1474,"date":"2015-09-10T20:47:50","date_gmt":"2015-09-10T19:47:50","guid":{"rendered":"http:\/\/www.relax-rodinne-centrum.cz\/?page_id=1474"},"modified":"2024-01-15T21:26:37","modified_gmt":"2024-01-15T20:26:37","slug":"darkove-poukazybalickypernamentky","status":"publish","type":"page","link":"https:\/\/www.relax-rodinne-centrum.cz\/?page_id=1474","title":{"rendered":"D\u00e1rkov\u00e9 poukazy"},"content":{"rendered":"<p align=\"CENTER\"><b>D\u00e1rkov\u00fd poukaz je mo\u017en\u00fd zakoupit v jak\u00e9koliv cen\u011b.<\/b><\/p>\n<p align=\"CENTER\"><a href=\"http:\/\/www.relax-rodinne-centrum.cz\/wp-content\/uploads\/2015\/09\/voucher_wall.jpg\"><img fetchpriority=\"high\" decoding=\"async\" class=\"alignnone size-medium wp-image-1471\" src=\"http:\/\/www.relax-rodinne-centrum.cz\/wp-content\/uploads\/2015\/09\/voucher_wall-300x218.jpg\" alt=\"voucher_wall\" width=\"300\" height=\"218\" srcset=\"https:\/\/www.relax-rodinne-centrum.cz\/wp-content\/uploads\/2015\/09\/voucher_wall-300x218.jpg 300w, https:\/\/www.relax-rodinne-centrum.cz\/wp-content\/uploads\/2015\/09\/voucher_wall-676x490.jpg 676w, https:\/\/www.relax-rodinne-centrum.cz\/wp-content\/uploads\/2015\/09\/voucher_wall.jpg 1009w\" sizes=\"(max-width: 300px) 100vw, 300px\" \/><\/a><\/p>\n<p align=\"CENTER\"><span style=\"color: #ff6600;\"><b>D\u00e1rkov\u00fd bal\u00ed\u010dek zahrnuje manu\u00e1ln\u00ed lymfodren\u00e1\u017e.\u00a0 Kraniosakr\u00e1ln\u00ed osteopatie . \u010ci\u0161t\u011bn\u00fd plazmy\u00a0<\/b><\/span><\/p>\n<p align=\"CENTER\"><a href=\"http:\/\/www.relax-rodinne-centrum.cz\/wp-content\/uploads\/2015\/09\/darkovy-balicek.png\"><img decoding=\"async\" class=\"alignnone size-medium wp-image-1470\" src=\"http:\/\/www.relax-rodinne-centrum.cz\/wp-content\/uploads\/2015\/09\/darkovy-balicek-300x203.png\" alt=\"darkovy balicek\" width=\"300\" height=\"203\" srcset=\"https:\/\/www.relax-rodinne-centrum.cz\/wp-content\/uploads\/2015\/09\/darkovy-balicek-300x203.png 300w, https:\/\/www.relax-rodinne-centrum.cz\/wp-content\/uploads\/2015\/09\/darkovy-balicek-1024x694.png 1024w, https:\/\/www.relax-rodinne-centrum.cz\/wp-content\/uploads\/2015\/09\/darkovy-balicek-676x458.png 676w, https:\/\/www.relax-rodinne-centrum.cz\/wp-content\/uploads\/2015\/09\/darkovy-balicek.png 1200w\" sizes=\"(max-width: 300px) 100vw, 300px\" \/><\/a><\/p>\n<p align=\"CENTER\"><span style=\"color: #ff6600;\"><b>\u00a0<\/b><\/span><\/p>\n<p align=\"CENTER\">\n","protected":false},"excerpt":{"rendered":"<p>D\u00e1rkov\u00fd poukaz je mo\u017en\u00fd zakoupit v jak\u00e9koliv cen\u011b. D\u00e1rkov\u00fd bal\u00ed\u010dek zahrnuje manu\u00e1ln\u00ed lymfodren\u00e1\u017e.\u00a0 Kraniosakr\u00e1ln\u00ed osteopatie . \u010ci\u0161t\u011bn\u00fd plazmy\u00a0 \u00a0<\/p>\n","protected":false},"author":2,"featured_media":0,"parent":0,"menu_order":0,"comment_status":"closed","ping_status":"closed","template":"","meta":{"footnotes":""},"_links":{"self":[{"href":"https:\/\/www.relax-rodinne-centrum.cz\/index.php?rest_route=\/wp\/v2\/pages\/1474"}],"collection":[{"href":"https:\/\/www.relax-rodinne-centrum.cz\/index.php?rest_route=\/wp\/v2\/pages"}],"about":[{"href":"https:\/\/www.relax-rodinne-centrum.cz\/index.php?rest_route=\/wp\/v2\/types\/page"}],"author":[{"embeddable":true,"href":"https:\/\/www.relax-rodinne-centrum.cz\/index.php?rest_route=\/wp\/v2\/users\/2"}],"replies":[{"embeddable":true,"href":"https:\/\/www.relax-rodinne-centrum.cz\/index.php?rest_route=%2Fwp%2Fv2%2Fcomments&post=1474"}],"version-history":[{"count":21,"href":"https:\/\/www.relax-rodinne-centrum.cz\/index.php?rest_route=\/wp\/v2\/pages\/1474\/revisions"}],"predecessor-version":[{"id":12071,"href":"https:\/\/www.relax-rodinne-centrum.cz\/index.php?rest_route=\/wp\/v2\/pages\/1474\/revisions\/12071"}],"wp:attachment":[{"href":"https:\/\/www.relax-rodinne-centrum.cz\/index.php?rest_route=%2Fwp%2Fv2%2Fmedia&parent=1474"}],"curies":[{"name":"wp","href":"https:\/\/api.w.org\/{rel}","templated":true}]}}