{"id":2031,"date":"2015-10-21T11:58:03","date_gmt":"2015-10-21T10:58:03","guid":{"rendered":"http:\/\/www.relax-rodinne-centrum.cz\/?page_id=2031"},"modified":"2015-10-21T11:58:03","modified_gmt":"2015-10-21T10:58:03","slug":"terapeut-3","status":"publish","type":"page","link":"http:\/\/www.relax-rodinne-centrum.cz\/?page_id=2031","title":{"rendered":"Terapeut"},"content":{"rendered":"<p><a href=\"http:\/\/www.relax-rodinne-centrum.cz\/wp-content\/uploads\/2015\/10\/cakry-kruh.jpg\"><img decoding=\"async\" class=\"  wp-image-1665 aligncenter\" src=\"http:\/\/www.relax-rodinne-centrum.cz\/wp-content\/uploads\/2015\/10\/cakry-kruh.jpg\" alt=\"cakry kruh\" width=\"120\" height=\"122\" \/><\/a><\/p>\n<p>Jmenuji se Lenka Stra\u0148\u00e1kov\u00e1 a v\u011bnuji se alternativn\u00edm zp\u016fsob\u016fm p\u00e9\u010de o t\u011blo, mysl a du\u0161i, pracuji s\u00a0psychosomatikou, s\u00a0energetick\u00fdmi syst\u00e9my \u010dlov\u011bka -aurou, \u010dakrami, ment\u00e1ln\u00edmi a emocion\u00e1ln\u00edmi rovinami.<\/p>\n<p>Kontakt na m\u011b:<\/p>\n<p>tel: 720 756 363 &#8211; 607 830 055<\/p>\n<p>email: lenka.stranakova@volny.cz<\/p>\n<p>&nbsp;<\/p>\n","protected":false},"excerpt":{"rendered":"<p>Jmenuji se Lenka Stra\u0148\u00e1kov\u00e1 a v\u011bnuji se alternativn\u00edm zp\u016fsob\u016fm p\u00e9\u010de o t\u011blo, mysl a du\u0161i, pracuji s\u00a0psychosomatikou, s\u00a0energetick\u00fdmi syst\u00e9my \u010dlov\u011bka -aurou, \u010dakrami, ment\u00e1ln\u00edmi a emocion\u00e1ln\u00edmi rovinami. Kontakt na m\u011b: tel: 720 756 363 &#8211; 607 830 055 email: lenka.stranakova@volny.cz &nbsp;<\/p>\n","protected":false},"author":2,"featured_media":0,"parent":0,"menu_order":0,"comment_status":"closed","ping_status":"closed","template":"","meta":{"footnotes":""},"_links":{"self":[{"href":"http:\/\/www.relax-rodinne-centrum.cz\/index.php?rest_route=\/wp\/v2\/pages\/2031"}],"collection":[{"href":"http:\/\/www.relax-rodinne-centrum.cz\/index.php?rest_route=\/wp\/v2\/pages"}],"about":[{"href":"http:\/\/www.relax-rodinne-centrum.cz\/index.php?rest_route=\/wp\/v2\/types\/page"}],"author":[{"embeddable":true,"href":"http:\/\/www.relax-rodinne-centrum.cz\/index.php?rest_route=\/wp\/v2\/users\/2"}],"replies":[{"embeddable":true,"href":"http:\/\/www.relax-rodinne-centrum.cz\/index.php?rest_route=%2Fwp%2Fv2%2Fcomments&post=2031"}],"version-history":[{"count":1,"href":"http:\/\/www.relax-rodinne-centrum.cz\/index.php?rest_route=\/wp\/v2\/pages\/2031\/revisions"}],"predecessor-version":[{"id":2032,"href":"http:\/\/www.relax-rodinne-centrum.cz\/index.php?rest_route=\/wp\/v2\/pages\/2031\/revisions\/2032"}],"wp:attachment":[{"href":"http:\/\/www.relax-rodinne-centrum.cz\/index.php?rest_route=%2Fwp%2Fv2%2Fmedia&parent=2031"}],"curies":[{"name":"wp","href":"https:\/\/api.w.org\/{rel}","templated":true}]}}