{"id":1646,"date":"2015-10-07T10:37:46","date_gmt":"2015-10-07T09:37:46","guid":{"rendered":"http:\/\/www.relax-rodinne-centrum.cz\/?page_id=1646"},"modified":"2016-02-11T21:24:53","modified_gmt":"2016-02-11T20:24:53","slug":"celkova-detoxikace-organismu","status":"publish","type":"page","link":"http:\/\/www.relax-rodinne-centrum.cz\/?page_id=1646","title":{"rendered":"Celkov\u00e1 ru\u010dn\u00ed detoxikace organismu"},"content":{"rendered":"<p><a href=\"http:\/\/www.relax-rodinne-centrum.cz\/wp-content\/uploads\/2015\/10\/Voda.jpg\"><img fetchpriority=\"high\" decoding=\"async\" class=\"alignnone size-medium wp-image-1652\" src=\"http:\/\/www.relax-rodinne-centrum.cz\/wp-content\/uploads\/2015\/10\/Voda-300x220.jpg\" alt=\"Voda\" width=\"300\" height=\"220\" srcset=\"http:\/\/www.relax-rodinne-centrum.cz\/wp-content\/uploads\/2015\/10\/Voda-300x220.jpg 300w, http:\/\/www.relax-rodinne-centrum.cz\/wp-content\/uploads\/2015\/10\/Voda.jpg 347w\" sizes=\"(max-width: 300px) 100vw, 300px\" \/><\/a><\/p>\n<p><strong>Celkov\u00e1 ru\u010dn\u00ed detoxikace<\/strong><\/p>\n<p>&#8211;\u00a0\u00a0\u00a0\u00a0\u00a0\u00a0\u00a0\u00a0\u00a0 harmonizuje hormon\u00e1ln\u00ed syst\u00e9m \/ \u0161t\u00edtn\u00e1 \u017el\u00e1za, vaje\u010dn\u00edky, \u00a0 \u00a0 \u00a0 \u00a0 \u00a0 \u00a0 \u00a0 \u00a0nadledvinky, hypof\u00edza\/<\/p>\n<p>&#8211;\u00a0\u00a0\u00a0\u00a0\u00a0\u00a0\u00a0\u00a0\u00a0 podpora funkc\u00ed centr\u00e1ln\u00edho nervov\u00e9ho syst\u00e9mu jako celku<\/p>\n<p>&#8211;\u00a0\u00a0\u00a0\u00a0\u00a0\u00a0\u00a0\u00a0\u00a0 podpora lymfatick\u00e9ho syst\u00e9mu<\/p>\n<p>&#8211;\u00a0\u00a0\u00a0\u00a0\u00a0\u00a0\u00a0\u00a0\u00a0 ovliv\u0148uje kvalitu, \u010distotu mozkom\u00ed\u0161n\u00edho moku<\/p>\n<p>&#8211;\u00a0\u00a0\u00a0\u00a0\u00a0\u00a0\u00a0\u00a0\u00a0 \u010dist\u00ed krev, bun\u011b\u010dn\u00e9 tekutiny<\/p>\n<p>&nbsp;<\/p>\n","protected":false},"excerpt":{"rendered":"<p>Celkov\u00e1 ru\u010dn\u00ed detoxikace &#8211;\u00a0\u00a0\u00a0\u00a0\u00a0\u00a0\u00a0\u00a0\u00a0 harmonizuje hormon\u00e1ln\u00ed syst\u00e9m \/ \u0161t\u00edtn\u00e1 \u017el\u00e1za, vaje\u010dn\u00edky, \u00a0 \u00a0 \u00a0 \u00a0 \u00a0 \u00a0 \u00a0 \u00a0nadledvinky, hypof\u00edza\/ &#8211;\u00a0\u00a0\u00a0\u00a0\u00a0\u00a0\u00a0\u00a0\u00a0 podpora funkc\u00ed centr\u00e1ln\u00edho nervov\u00e9ho syst\u00e9mu jako celku &#8211;\u00a0\u00a0\u00a0\u00a0\u00a0\u00a0\u00a0\u00a0\u00a0 podpora lymfatick\u00e9ho syst\u00e9mu &#8211;\u00a0\u00a0\u00a0\u00a0\u00a0\u00a0\u00a0\u00a0\u00a0 ovliv\u0148uje kvalitu, \u010distotu mozkom\u00ed\u0161n\u00edho moku &#8211;\u00a0\u00a0\u00a0\u00a0\u00a0\u00a0\u00a0\u00a0\u00a0 \u010dist\u00ed krev, bun\u011b\u010dn\u00e9 tekutiny &nbsp;<\/p>\n","protected":false},"author":2,"featured_media":0,"parent":0,"menu_order":0,"comment_status":"closed","ping_status":"closed","template":"","meta":{"footnotes":""},"_links":{"self":[{"href":"http:\/\/www.relax-rodinne-centrum.cz\/index.php?rest_route=\/wp\/v2\/pages\/1646"}],"collection":[{"href":"http:\/\/www.relax-rodinne-centrum.cz\/index.php?rest_route=\/wp\/v2\/pages"}],"about":[{"href":"http:\/\/www.relax-rodinne-centrum.cz\/index.php?rest_route=\/wp\/v2\/types\/page"}],"author":[{"embeddable":true,"href":"http:\/\/www.relax-rodinne-centrum.cz\/index.php?rest_route=\/wp\/v2\/users\/2"}],"replies":[{"embeddable":true,"href":"http:\/\/www.relax-rodinne-centrum.cz\/index.php?rest_route=%2Fwp%2Fv2%2Fcomments&post=1646"}],"version-history":[{"count":7,"href":"http:\/\/www.relax-rodinne-centrum.cz\/index.php?rest_route=\/wp\/v2\/pages\/1646\/revisions"}],"predecessor-version":[{"id":2357,"href":"http:\/\/www.relax-rodinne-centrum.cz\/index.php?rest_route=\/wp\/v2\/pages\/1646\/revisions\/2357"}],"wp:attachment":[{"href":"http:\/\/www.relax-rodinne-centrum.cz\/index.php?rest_route=%2Fwp%2Fv2%2Fmedia&parent=1646"}],"curies":[{"name":"wp","href":"https:\/\/api.w.org\/{rel}","templated":true}]}}